?
111111
In base 16, what is 3 - 50?
-4d
In base 5, what is -3 + -13042?
-13100
In base 2, what is -10100101110 + -1?
-10100101111
In base 5, what is 10414 - 21?
10343
In base 13, what is -44 - 6?
-4a
In base 13, what is 92 - -4?
96
In base 10, what is 6731 - -3?
6734
In base 9, what is 446 - 3?
443
In base 11, what is -540 + 3?
-538
In base 3, what is -202 + -1121?
-2100
In base 3, what is 101 + -10?
21
In base 12, what is a + 3?
11
In base 7, what is -15 + 36?
21
In base 16, what is 37 + 5?
3c
In base 10, what is -755 + 2?
-753
In base 3, what is -220012 - -12?
-220000
In base 3, what is 1 - -1012101?
1012102
In base 12, what is -7 + -13?
-1a
In base 7, what is 2 + -40?
-35
In base 6, what is -101025 + -3?
-101032
In base 7, what is -301 - -24?
-244
In base 5, what is -11 + 113?
102
In base 2, what is -11 + -110?
-1001
In base 8, what is 3 + 117?
122
In base 14, what is 1c6 + 4?
1ca
In base 14, what is -3ca - 31?
-41b
In base 3, what is 1021 - -11?
1102
In base 5, what is -10 - 102?
-112
In base 7, what is 31 + 31?
62
In base 2, what is 11 - 1010111?
-1010100
In base 13, what is -1cb + -2?
-200
In base 7, what is 25306 - 2?
25304
In base 8, what is 6 + -36?
-30
In base 12, what is 329 - -21?
34a
In base 6, what is 24 - -5?
33
In base 7, what is 1 + -1345?
-1344
In base 5, what is 1123 + 102?
1230
In base 12, what is 3 - 5288?
-5285
In base 4, what is 2331332 + -11?
2331321
In base 13, what is -182 + -5?
-187
In base 13, what is -13 + 60?
4a
In base 11, what is -7985 - -3?
-7982
In base 9, what is 14 - 124?
-110
In base 12, what is 1 - -8?
9
In base 16, what is 7 - -2?
9
In base 9, what is -20 - 5?
-25
In base 6, what is 1543 + 0?
1543
In base 8, what is 646 + -2?
644
In base 7, what is -130 + 3?
-124
In base 16, what is -2 - 2a?
-2c
In base 16, what is 4674 - 4?
4670
In base 10, what is 2761 - 1?
2760
In base 5, what is 30 + 2?
32
In base 14, what is 2 - 7?
-5
In base 13, what is 1 - 4?
-3
In base 9, what is -5 + -557?
-563
In base 14, what is 5 + dc?
103
In base 16, what is -f + -3a?
-49
In base 9, what is -3445 + 3?
-3442
In base 15, what is -49 + -36?
-80
In base 12, what is -11 + -a?
-1b
In base 9, what is 656 - 1?
655
In base 5, what is 10 + 31?
41
In base 10, what is 0 - 776?
-776
In base 8, what is 0 - 332?
-332
In base 16, what is 18c + 2?
18e
In base 10, what is 179 - 3?
176
In base 11, what is -28a + -5?
-294
In base 12, what is -38 - -126?
aa
In base 14, what is -7 - 90?
-97
In base 13, what is -309 - 10?
-319
In base 2, what is 10011001 - -1110?
10100111
In base 10, what is 100 - 3?
97
In base 2, what is 10110000000 + -10?
10101111110
In base 15, what is -1 + 184?
183
In base 10, what is -3 + 2133?
2130
In base 5, what is 10 + -20?
-10
In base 10, what is -84 - 3?
-87
In base 10, what is 5 - 287?
-282
In base 11, what is -1 - 11?
-12
In base 3, what is 201211222 + -2?
201211220
In base 9, what is 0 - 46?
-46
In base 2, what is -10100110000 + 100?
-10100101100
In base 10, what is 1126 + 5?
1131
In base 8, what is 3 - 120?
-115
In base 9, what is -6 - -34?
27
In base 8, what is -55 + 3?
-52
In base 14, what is d2 - 1?
d1
In base 9, what is 838 - -10?
848
In base 5, what is 2 - -121?
123
In base 15, what is 1 + 26?
27
In base 13, what is 6 - -33?
39
In base 10, what is 35 + 36?
71
In base 3, what is -221 + -11?
-1002
In base 12, what is 4 + 29?
31
In base 11, what is -148 + 2?
-146
In base 6, what is -4 + 2040?
2032
In base 7, what is 225 + -1?
224
In base 16, what is 1c - 10?
c
In base 6, what is -200 + 5?
-151
In base 8, what is 2547 - -1?
2550
In base 14, what is -b + -55?
-62
In base 3, what is 0 - -12201?
12201
In base 11, what is -56 - 50?
-a6
In base 4, what is 2 - -1011?
1013
In base 7, what is 255 - 23?
232
In base 11, what is 90 + 22?
102
In base 5, what is 123 + -4?
114
In base 2, what is -11100 + -10?
-11110
In base 11, what is -4 + -a93?
-a97
In base 13, what is -8 + 4?
-4
In base 12, what is -5 + -240?
-245
In base 2, what is 1100000 + 100?
1100100
In base 16, what is c + 6b4?
6c0
In base 11, what is 9 + 12?
20
In base 7, what is -5 - 255?
-263
In base 13, what is -3 + -c?
-12
In base 2, what is -110000011 - -110?
-101111101
In base 11, what is -2a95 + 5?
-2a90
In base 5, what is -3323 - -3?
-3320
In base 7, what is 2 - -24046?
24051
In base 16, what is -495b - -5?
-4956
In base 2, what is 10100111 + 11?
10101010
In base 3, what is 201 + -101?
100
In base 4, what is -11 + -133?
-210
In base 9, what is -1348 + -3?
-1352
In base 13, what is 34 - -1?
35
In base 5, what is 1130 - 4?
1121
In base 13, what is -37 - 52?
-89
In base 5, what is -10 + -243?
-303
In base 10, what is 0 - 155?
-155
In base 6, what is 242 - 23?
215
In base 4, what is 10031 - -1?
10032
In base 3, what is 101 - -100111?
100212
In base 7, what is 445 - -45?
523
In base 16, what is 4 + 97?
9b
In base 9, what is 4 + 0?
4
In base 16, what is -1fde - -4?
-1fda
In base 6, what is 1 + -45?
-44
In base 16, what is 4 + 206?
20a
In base 13, what is -93 - 15?
-a8
In base 16, what is 2ec2 - -2?
2ec4
In base 16, what is 4 - 1791?
-178d
In base 10, what is -35 - -80?
45
In base 9, what is 3 + -414?
-411
In base 9, what is 122 + -1?
121
In base 5, what is 3 + -3231?
-3223
In base 15, what is -469 - -1?
-468
In base 14, what is 2 + -193?
-191
In base 4, what is -1 + 10?
3
In base 10, what is -2 + -76?
-78
In base 6, what is -21 + 351?
330
In base 2, what is 101 - -111101100000?
111101100101
In base 15, what is -4 + 1245?
1241
In base 13, what is -3 + -a2?
-a5
In base 13, what is 480b - 1?
480a
In base 14, what is -22 + 41?
1d
In base 3, what is -11 + 1102?
1021
In base 12, what is -5 - 3a1?
-3a6
In base 9, what is -1 - -1761?
1760
In base 16, what is 3 - 42?
-3f
In base 10, what is -4 + -58?
-62
In base 7, what is 2 + -455?
-453
In base 13, what is 2 - -c5?
c7
In base 16, what is 3b1 - -5?
3b6
In base 4, what is -10 - 2322?
-2332
In base 8, what is 1 + 1?
2
In base 10, what is -1904 - -1?
-1903
In base 12, what is -11 + -162?
-173
In base 4, what is 33 - 3?
30
In base 14, what is 41 + -18?
27
In base 2, what is 1110 + 110110?
1000100
In base 14, what is 4 - 342?
-33c
In base 13, what is c0 + 3?
c3
In base 10, what is -94 + 6?
-88
In base 3, what is -10 + 112?
102
In base 8, what is -35 - 4?
-41
In base 3, what is -1011 - 210?
-1221
In base 7, what is 156 + 2?
161
In base 15, what is 1c - -8?
25
In base 12, what is -53 + -8?
-5b
In base 9, what is -4 - 1405?
-1410
In base 10, what is 13 - -1781?
1794
In base 15, what is -2aa + 5?
-2a5
In base 8, what is -42 - 76?
-140
In base 6, what is 34 - 12?
22
In base 5, what is 21 + -32?
-11
In base 7, what is -6 + 1322?
1313
In base 4, what is 33302 + 10?
33312
In base 12, what is -1 - 2?
-3
In base 11, what is -4 - -1273?
126a
In base 8, what is 77 - -25?
124
In base 13, what is -1837 - 3?
-183a
In base 7, what is 50 - -150?
230
In base 3, what is -1011 - -2022?
1011
In base 16, what is 2 + -14aa?
-14a8
In base 13, what is 2 + -695?
-693
In base 16, what is 5 - -17?
1c
In base 13, what is 5603 - -1?
5604
In base 6, what is -15231 + 1?
-15230
In base 2, what is -10101100011010 - -10?
-10101100011000
In base 14, what is 36 + 7?
3d
In base 11, what is -797 - 4?
-7a0
In base 12, what is b - -77?
86
In base 14, what is a00 + 4?
a04
In base 3, what is -2212 + -20?
-10002
In base 15, what is a8 + 3?
ab
In base 15, what is 31 + 5?
36
In base 13, what is -2783 - 4?
-2787
In base 8, what is 43 - 317?
-254
In base 4, what is -22313233 + -10?
-22313303
In base 15, what is 0 + -7b?
-7b
In base 7, what is -33034 - 5?
-33042
In base 15, what is -1 - 60?
-61
In base 11, what is 6 - -8?
13
In base 10, what is 4901 + -1?
4900
In base 15, what is -6 + -a3?
-a9
In base 3, what is -12 + 1121110?
1121021
In base 3, what is -2200 - -102?
-2021
In base 8, what is -116 + 136?
20
In base 3, what is -12020001 + -21?
-12020022
In base 3, what is 1 - -200002?
200010
In base 8, what is -3 + -175?
-200
In base 10, what is -4 - -11?
7
In base 16, what is 11f - 1?
11e
In base 11, what is 5 + 37?
41
In base 8, what is -13 - -35?
22
In base 2, what is -1100000 - 10010?
-1110010
In base 16, what is -4 - -203?
1ff
In base 6, what is -3222 - -4?
-3214
In base 9, what is 23 + 6?
30
In base 9, what is 625 + -4?
621
In base 13, what is -7 - -22?
18
In base 14, w